). Suppose 0 = 50*f - 55*f - 5*k + 21660, f - t = -2*k. Is f prime?
True
Let j be (-4)/10 + 180405/75. Suppose 3*v - j = 25474. Is v composite?
False
Let x(b) = -72918*b**2 + 8*b - 6. Let t be x(-3). Is (2/(-6))/(52/t) composite?
True
Let p = 15 + 23. Is ((-4971)/12)/(p/8 - 5) a composite number?
False
Let s = -678 + 688. Is 1284*7 + s + -1 a prime number?
False
Let j(c) = -c**3 + 20*c**2 + 11*c - 7. Let x be j(14). Let t = x + 620. Is t composite?
True
Let y = 49400 + -27423. Is y prime?
True
Let i(d) = 1218*d + 47. Let l(z) = 609*z + 23. Let b(q) = 6*i(q) - 13*l(q). Is b(-26) a prime number?
True
Let t = -400 - -404. Suppose -t*q = -3*k - 4447, 6*q + 3*k = 2*q + 4441. Is q composite?
True
Suppose -3*o = -2*h + 2168, 2*h - 1820 = -o + 356. Is h composite?
False
Suppose 3*a + 2*j = -820, 5*j - 840 = 3*a + 2*j. Let s be (2 + -111)/((-255)/(-1411)) + 32/240. Is (a/(-18))/((-6)/s) a prime number?
False
Let z = -7434 + 3744. Let s = 7333 + z. Is s prime?
True
Suppose 2*p + 7*p - 28*p + 13840265 = 0. Is p prime?
False
Let s = -2170 - -11741. Is s prime?
False
Let n = 119 + 7698. Is n a prime number?
True
Let v(t) = 251*t**2 + 93*t - 2295. Is v(29) a prime number?
True
Let f = -4242 + 4634. Let k = -1 - -362. Let s = k + f. Is s composite?
True
Let v(t) = 2*t + 20. Let g be v(-10). Suppose g = -19*m + 15*m + 89732. Is m composite?
False
Is (10 - 12 - (-1 - 83))*11307/6 a composite number?
True
Is (-1 + 177/6)/(66/227876) a prime number?
False
Let t(s) = -s**2 - 8*s + 3. Let c be t(-8). Let m be -1316 + (c/((-6)/2) - 1). Let r = m + 2021. Is r a prime number?
False
Let h = 44 + -116. Let k = h + 76. Suppose -3*q + w = -2*w - 138, 0 = k*q + 3*w - 205. Is q prime?
False
Let p = -47613 - -166504. Is p prime?
True
Let g(i) = 1250*i**3 - 22*i**2 + 167*i + 29. Is g(6) composite?
False
Let y be (65/10 - 5)*(-8)/(-6). Suppose y*r = 2*o - 3*o - 3, 12 = o - 3*r. Suppose -4*l - 568 = -o*w + 543, -1528 = -4*w - 4*l. Is w composite?
True
Is 4839082 + (208/32)/((-12)/(-24)) prime?
False
Suppose 0 = 3*z - 9, 0 = 6*o - 3*o - z. Let j(u) = 160*u**2 + 415854 - 415854 + 61*u**2. Is j(o) a prime number?
False
Suppose 3*g + 43 + 11 = 0. Let x = -807 - -795. Is (x/g)/((-4)/(-9186)) a prime number?
True
Is ((-385)/1540)/((-2)/9646744) a prime number?
True
Let s(i) = 6*i**2 + 17*i - 35. Let x(y) = -y**3 - 12*y**2 + 13*y + 14. Let k be x(-13). Is s(k) composite?
True
Let w(y) = 8 - 14*y**2 - 4*y - 15 - 2*y**3 - y**3. Is w(-12) composite?
False
Let h = 206931 + 81310. Is h a composite number?
False
Let c(s) = 31*s**3 - 3*s**2 - 5*s + 2. Let y be c(3). Is (-2 - -1)*y*(-1 - 6) composite?
True
Is (((-2941840)/(-24))/(-10))/((-4)/12) a prime number?
False
Let w = 324 + -146. Is w*(6 + 55/(-10)) prime?
True
Is (18/(-21))/(84/(-1003422)) a composite number?
True
Let l(f) = -463*f**2 + 13 - 11 + 1236*f**2 + 1278*f**2. Is l(1) composite?
False
Let w(o) = -24*o**2 - 7*o + 6. Let c be w(3). Is (-8216)/(-7) + (-66)/c a composite number?
True
Suppose -29*k + 57*k - 89*k + 115889447 = 0. Is k a prime number?
True
Suppose -5*x + f + 12 = 0, 0 = -x - 2*x - 5*f - 4. Let p(g) = -8 - 9 + 29*g + x. Is p(2) a prime number?
True
Let r(u) = -4261*u**3 - 3*u**2 - 3*u + 5. Let d be r(1). Let o = -1513 - d. Is o composite?
False
Let d(l) = -4103*l + 135. Let i be d(-3). Suppose 0 = 4*f + 2*c - i + 3308, 4*f - 2*c - 9144 = 0. Is f a composite number?
True
Let y = 237 - 221. Let x(n) be the third derivative of 205*n**4/24 - 7*n**3/2 + 12*n**2. Is x(y) composite?
False
Let w = -875 + 877. Is (61067 - 18/2)/w composite?
False
Suppose -71168 = -20*r - 553788. Let l = -14378 - r. Is l a prime number?
False
Is -6*2/8*(-13)/(351/21348) a composite number?
True
Suppose 3*l = -2*a + 34, 14*l = 3*a + 17*l - 45. Let u(g) = -g**3 + 18*g**2 + 4*g - 14. Is u(a) composite?
False
Let t = -191256 + 331676. Suppose 5*i + 110206 = 2*x, -2*x - 5*i = 30214 - t. Is x a composite number?
False
Let k(f) = -4*f - 8. Let i be k(-3). Suppose -5005 = i*p + b - 0*b, -b - 6255 = 5*p. Let o = 2595 + p. Is o a prime number?
False
Let j = -696 - -701. Suppose -b - j*h = -10037, -5*b + 9*h = 4*h - 50305. Is b a composite number?
True
Suppose 13940 + 21426 = b + d, 0 = -5*b + 3*d + 176806. Is b a prime number?
True
Let j(r) be the third derivative of 2*r**5/15 - 7*r**4/6 + 11*r**3/6 + r**2 - 38. Is j(9) a composite number?
True
Suppose -159*h - 252794 = -769067. Is h composite?
True
Suppose 5*d = 13*r - 10*r - 21, 2*d = -4*r + 2. Suppose -39710 = -3*p - i, 6*p - 9*p + 39695 = -r*i. Is p composite?
True
Is (406/12)/(-29)*-58294 - (-4)/(-6) a prime number?
False
Let q = -91 - -80. Let c be ((-176)/q)/(4/2126). Suppose 3*z - 4909 = -g + 1481, 4*z - c = 4*g. Is z a composite number?
False
Let x = -292 - -900. Suppose 609*n = x*n + 1961. Is n composite?
True
Let f = 1896893 - 256944. Is f a composite number?
False
Let i(v) = v**3 - 7*v**2 + 12*v - 7. Let y be i(6). Suppose 5*f + 79 = y. Let o(s) = 17*s**2 - 11*s + 31. Is o(f) a composite number?
True
Suppose 13*a - 34797 = 6*a. Suppose -i - 27825 = -5*p, -a = -p + 2*i + 603. Is (-1)/(p/19572 - (-4)/(-14)) a composite number?
True
Suppose 0 = -4*w + 16, -38 = -5*s + 2*w + 39. Let z(m) = 62*m - 87. Is z(s) prime?
True
Let t(k) = -12810*k - 5101. Is t(-12) composite?
True
Suppose -q = 8*q + 27*q - 16606692. Is q prime?
True
Let t(r) = -6*r + 21. Let n be t(-8). Suppose -60 = 3*s - n. Suppose -s*g + 5*l = 2*g - 450, -l = 3. Is g a prime number?
False
Is (375/60)/(-25)*-206084 composite?
False
Let b(z) = 75*z + 1053. Let g be b(-14). Let h(t) = t**3 + t**2 - t + 2. Let j be h(-2). Suppose j*m + 111 = g*m. Is m a composite number?
False
Suppose 16*f - 44 - 20 = 0. Suppose -2542 = -f*l + 1470. Is l a prime number?
False
Let r = -196839 - -303892. Is r prime?
True
Suppose -3*f + 5*k = 0, -2*f = 5*k - 0*k. Suppose 3*t - 3445 = -5*r, -5*r = -f*t - 4*t - 3445. Is r a composite number?
True
Let g(o) = 163*o**2 + o - 4. Let v(c) = -c**2 + c + 1. Let p(x) = g(x) + v(x). Is p(-2) a prime number?
True
Is -8053*-1*(12 + -5 - 6) prime?
True
Suppose -14*w = -173*w + 5477709. Is w a prime number?
False
Suppose 402739 + 17920 = 3*m + 4*v, 280445 = 2*m - 3*v. Is m a composite number?
False
Is 28008525/175 - 32/(-112) composite?
False
Suppose -4*k - 249 + 5021 = 0. Let l(v) = v**3 - 17*v**2 - 40*v + 564. Let g be l(19). Let a = k - g. Is a a prime number?
False
Let s be 68/12 - 6 - (-2)/6. Suppose s = 5*c + 2*c - 20573. Is c a composite number?
False
Is 1534092/18 + 275/165 composite?
False
Is (404/(-1414))/(1/18433*2/(-14)) a composite number?
True
Suppose 0 = -142*o + 148*o - 330186. Is o prime?
False
Suppose 4 = -0*a - 2*a. Let c be 4 - -84 - (-15 + 9) - 7. Let j = c - a. Is j composite?
False
Let m(o) = -28*o**3 - 16*o**2 - 449*o - 87. Is m(-28) a composite number?
True
Suppose 0 = -4*i - 25 + 45. Is ((-380458)/39)/(1 + i/(-3)) composite?
False
Let k be 124/(-3) - 1/(-3). Suppose -5*g + 91*v - 96*v - 3675 = 0, 5*g + 3665 = -3*v. Let o = k - g. Is o composite?
True
Suppose -3*x + 8 = -4. Suppose 0 = 2*t - f - 3, -3*t + 21 = x*f - 0*f. Suppose -v + 22 = -t. Is v prime?
False
Let d = -8546 + 4698. Let t = 5899 + d. Is t prime?
False
Let l(o) = 73*o - 25. Is l(78) prime?
True
Suppose -68146 = -21*y + y + 366034. Is y composite?
True
Let g be 20/140 - (-28628252)/(-14). Is (-2)/(-11) + (-6 - g/77) prime?
False
Is 1/(-14) - 1675047066/(-15092) a prime number?
True
Let z(j) = -953*j - 56. Let t = 70 + -81. Is z(t) prime?
True
Let k(o) = -o**3 + 4*o**2 + 3. Let a be k(4). Suppose 0 = h - a*x - 1466, 2*h = 5*h + 4*x - 4463. Is h composite?
False
Let w(x) = 57*x**2 - 167*x + 3. Is w(-56) a prime number?
True
Let f(j) = j - 4. Let x be f(8). Let s = 23 - 20. Suppose -s*w - 965 = -x*w. Is w composite?
True
Suppose 4*b = 4*p - 46972 - 200452, -2*b = -5*p + 309295. Is p a prime number?
True
Suppose 0 = -18*j + 10*j - 685104. Is (-1)/((-2)/(-3))*j/63 prime?
True
Let r(x) = -2*x**3 - 3*x**2 + 3*x + 1. Let q be ((-8)/3)/((-20)/(-270)). Let i = 29 + q. Is r(i) composite?
True
Is 64101 - (2 + -3)*(-18 - -14) a composite number?
True
Is (-132537)/(-27) - (-104)/468 prime?
True
Is (225/(-750) - 29/(-30))*(-1283994)/(-4) a prime number?
False
Let f = 27973 + 8394. Suppose 0 = -x - 606 + f. Is x a prime number?
False
Suppose 3